 i(4).
-46
Let n(m) = m**2 - 32*m + 489. What is n(27)?
354
Let x(y) = -141*y**3 + 2*y**2 - 10*y - 22. What is x(-2)?
1134
Let r(t) = -9*t - 146. Determine r(-9).
-65
Let h(x) = -14*x + 49. Determine h(4).
-7
Let f(h) = -10*h**2 - 7*h - 5. What is f(2)?
-59
Let o(f) = -131*f**2 + 1572*f + 10. Determine o(12).
10
Let s(u) = u**3 - 8*u**2 + 16*u + 5. What is s(7)?
68
Let w(a) = -81*a**3 - 24*a**2 + 26*a - 3. Calculate w(1).
-82
Let z(q) = -q**2 + 57*q - 649. Calculate z(16).
7
Let h(o) = -2*o**2 + 52*o + 481. Determine h(33).
19
Let j(r) = -r**2 + 131*r - 4047. What is j(81)?
3
Let d(t) = -229*t - 2077. Give d(-9).
-16
Let m(k) = k**3 - 2*k**2 - 59*k + 216. Give m(4).
12
Let j(d) = d**3 + 12*d**2 - 259*d - 139. Determine j(-23).
-1
Let y(o) = -11*o + 147. Give y(26).
-139
Let p(r) = 8*r + 298. Give p(-20).
138
Let z(q) = -q**3 + 49*q**2 - 41*q - 293. Give z(48).
43
Let y(a) = 30*a**2 - 659*a - 109. Give y(22).
-87
Let k(x) = 278*x + 3600. Calculate k(-13).
-14
Let q(n) = -n**3 + 13*n**2 + 2*n - 69. Give q(10).
251
Let m(c) = 4*c**2 + 36*c + 130. What is m(-5)?
50
Let k(p) = 13*p**2 + 1728*p - 120. Calculate k(-133).
13
Let y(v) = 5*v**3 - 5*v**2 + 3*v + 5. Give y(5).
520
Let f(u) = -u**3 + 94*u**2 - 178*u - 536. What is f(92)?
16
Let f(s) = 67*s - 875. Give f(13).
-4
Let i(w) = 59*w - 5096. What is i(84)?
-140
Let z(t) = -4*t**3 - 239*t**2 + 1576*t + 6. Determine z(6).
-6
Let h(w) = 2*w**2 - 298*w + 3580. Determine h(13).
44
Let n(s) = 47*s + 3. Give n(-3).
-138
Let r(d) = -d**2 + 43*d - 210. Give r(20).
250
Let p(g) = 4*g**2 + 35*g + 84. Determine p(-14).
378
Let d(n) = 5*n**2 + 171*n + 1350. Calculate d(-12).
18
Let r(q) = q**2 + 15*q - 46. Calculate r(-19).
30
Let g(x) = -4*x**2 - 20*x + 803. Calculate g(11).
99
Let o(p) = -p**2 - 241*p + 2230. Determine o(9).
-20
Let g(a) = -2*a**3 + 15*a**2 - 12*a + 7. What is g(6)?
43
Let y(v) = -v**3 - 8*v**2 + 73*v + 423. Give y(-11).
-17
Let v(n) = 2*n - 9. What is v(25)?
41
Let x(v) = 6*v**2 - 23*v - 334. Determine x(-13).
979
Let b(f) = -f**2 - 39*f - 408. Give b(-39).
-408
Let c(r) = -271*r + 13298. Give c(49).
19
Let h(o) = 2*o**2 + 4*o - 277. Give h(0).
-277
Let g(r) = r**3 - 104*r**2 - 81*r - 2537. Give g(105).
-17
Let k(t) = t**2 - 3*t - 87. Calculate k(7).
-59
Let d(p) = -39*p - 188. What is d(-5)?
7
Let q(i) = -i**3 + 60*i**2 - 7*i + 127. Give q(60).
-293
Let c(g) = g**3 - 69*g**2 + 256*g + 72. Calculate c(65).
-188
Let z(a) = -a**3 - 60*a**2 - 56*a + 143. Determine z(-59).
-34
Let t(y) = 4*y**3 - 11*y**2 + 9*y - 3. Determine t(4).
113
Let u(d) = -d**3 - 29*d**2 + 1444*d - 370. Calculate u(26).
-6
Let y(a) = 660*a + 4634. Determine y(-7).
14
Let y(q) = 80*q + 1094. Give y(-19).
-426
Let s(h) = 21*h**2 - 87*h + 177. Give s(2).
87
Let p(v) = 2*v**3 - 181*v**2 + 96*v - 533. Calculate p(90).
7
Let i(p) = 435*p + 2162. What is i(-5)?
-13
Let f(s) = -s**2 + 282*s + 6675. Determine f(-22).
-13
Let g(q) = -8*q**3 - 48*q**2 + 16*q + 221. Calculate g(-6).
125
Let d(p) = -p**2 + 3555*p - 56631. Give d(16).
-7
Let q(z) = -3*z**2 - 44*z - 25. Determine q(-16).
-89
Let j(t) = t**2 - 2*t - 76. Give j(17).
179
Let d(g) = g**3 + g**2 + 3*g - 8. Calculate d(0).
-8
Let j(k) = -k**3 - 27*k**2 - 72*k - 80. Give j(-24).
-80
Let v(b) = -4659*b - 32632. Determine v(-7).
-19
Let g(l) = -16*l + 55. Calculate g(12).
-137
Let x(j) = j**2 - 81*j + 1634. Calculate x(34).
36
Let v(d) = -12*d**2 - 50*d - 2. Give v(-4).
6
Let h(k) = 37*k - 227. What is h(4)?
-79
Let j(o) = -o**2 + 135*o - 4444. Calculate j(78).
2
Let u(f) = -f**2 - 20*f - 101. Determine u(-17).
-50
Let j(y) = 12*y - 352. What is j(30)?
8
Let l(c) = c**2 - 16*c - 129. Give l(-6).
3
Let d(g) = -35*g + 743. Calculate d(23).
-62
Let d(z) = -9*z**3 + 38*z - 38. Determine d(1).
-9
Let d(g) = -27*g + 558. What is d(21)?
-9
Let u(i) = 20*i**2 - 10*i + 5. What is u(1)?
15
Let b(m) = 26*m - 739. Calculate b(27).
-37
Let l(q) = 708*q + 707. Give l(-1).
-1
Let l(p) = 26*p + 52. Determine l(-10).
-208
Let w(t) = 2*t**3 - 21*t**2 + 37*t + 33. Give w(5).
-57
Let a(j) = -j**3 + 140*j**2 - 130*j - 1150. What is a(139)?
101
Let z(n) = n**2 - 90*n - 492. What is z(-5)?
-17
Let r(d) = -3*d**2 - 12*d + 76. Determine r(0).
76
Let s(z) = 73*z**2 + 8906*z - 7. What is s(-122)?
-7
Let s(a) = 7*a - 56. Determine s(20).
84
Let j(w) = -5*w**2 + 61*w + 221. Determine j(15).
11
Let b(n) = 4*n**2 - 66*n + 32. Give b(16).
0
Let k(p) = -255*p + 7392. Determine k(29).
-3
Let v(f) = f**3 - 8*f**2 + 16*f + 13. What is v(4)?
13
Let i(s) = -70*s**3 - s**2 - 3*s + 1. Calculate i(-1).
73
Let r(c) = -25*c - 409. Calculate r(-19).
66
Let j(k) = 1467*k + 10. Give j(0).
10
Let i(s) = 112*s + 358. Determine i(0).
358
Let j(s) = -3*s**3 + 57*s**2 + 25. Give j(19).
25
Let q(u) = u**3 - 21*u**2 + 16*u + 84. Calculate q(20).
4
Let u(t) = 3*t**2 + 219*t - 226. Give u(-74).
-4
Let u(b) = 5*b**2 + 189*b + 1676. Determine u(-14).
10
Let d(b) = b**3 - 17*b**2 - 12*b - 9. What is d(18)?
99
Let c(y) = 2*y**2 + 31*y - 1297. Calculate c(19).
14
Let u(t) = 71*t + 3626. Calculate u(-51).
5
Let f(y) = -164*y + 31169. Give f(190).
9
Let f(g) = -372*g**2 + 5971*g - 300. Determine f(16).
4
Let c(h) = -h**2 + 136*h + 127871. Calculate c(432).
-1
Let a(j) = 302*j**2 - 3017*j - 33. What is a(10)?
-3
Let x(z) = -z**2 + 74*z - 46. Determine x(0).
-46
Let s(j) = -9*j**2 - 2*j + 1. Calculate s(-2).
-31
Let f(z) = -60*z + 597. Calculate f(10).
-3
Let z(h) = 2*h**3 - 4*h**2 + 11*h - 24. Determine z(4).
84
Let n(u) = 47*u + 45. Give n(-6).
-237
Let o(y) = 1033*y + 15497. Calculate o(-15).
2
Let a(t) = -192*t**2 - 4806*t - 147. Give a(-25).
3
Let o(z) = 4*z**3 + 4*z**2 + 20*z - 78. Determine o(3).
126
Let i(a) = -a**3 + 31*a**2 - 92*a + 205. What is i(28)?
-19
Let l(j) = 2*j**2 + 49*j + 267. Determine l(-8).
3
Let t(d) = -178*d + 891. Determine t(5).
1
Let y(h) = -126*h + 2099. Determine y(18).
-169
Let t(k) = -2*k**2 + 27*k + 140. Determine t(20).
-120
Let h(p) = -p**3 - 10*p**2 - 16*p - 89. Determine h(-11).
208
Let o(p) = -2*p**2 + 43*p - 80. Calculate o(19).
15
Let h(b) = -b**3 + 26*b**2 - 6*b + 102. Give h(26).
-54
Let y(p) = -19554*p + 97767. Calculate y(5).
-3
Let x(h) = 39*h + 97. Determine x(-1).
58
Let h(x) = -98*x + 1549. What is h(13)?
275
Let h(b) = 5*b**2 - 55*b + 126. Determine h(8).
6
Let z(q) = q**3 + 7*q**2 + 10*q + 32. Determine z(-3).
38
Let l(a) = -a**2 + 11*a + 29. Determine l(7).
57
Let b(p) = p**3 - p**2 + 91*p - 48. What is b(0)?
-48
Let x(p) = -3*p**2 - 36*p - 7. Determine x(0).
-7
Let q(u) = -u**3 - u**2 + 80*u - 40. What is q(-10)?
60
Let o(l) = -l**2 - 11*l + 203. Calculate o(-20).
23
Let a(c) = 20*c + 2600. Calculate a(-131).
-20
Let q(a) = -2*a**2 + 160*a + 5. Give q(0).
5
Let u(m) = -110*m + 1042. Calculate u(9).
52
Let r(i) = -132*i + 228. Give r(2).
-36
Let h(q) = -17*q**2 - 531*q - 118. Give h(-31).
6
Let a(b) = b**3 - 17*b**2 + 41*b + 8. Determine a(14).
-6
Let f(w) = -w**3 - 11*w**2 - 7*w + 47. Determine f(-10).
17
Let s(c) = c**3 - 37*c**2 + 42*c - 213. Determine s(36).
3
Let b(u) = -491*u - 12775. Calculate b(-26).
-9
Let g(v) = -5*v**3 + 616*v**2 - 138*v + 1843. Calculate g(123).
-2
Let f(z) = -z**3 - 2*z**2 + z + 32. Calculate f(-6).
170
Let d(f) = -f**3 - 10*f**2 + 251*f + 1924. Give d(-18).
-2
Let h(y) = 6*y**2 - 69*y - 244. Give h(14).
-34
Let l(c) = c**2 + 11*c + 797. What is l(-24)?
1109
Let m(w) = -w - 93. What is m(0)?
-93
Let c(y) = -5*y**3 + 145*y**2 + y - 34. Calculate c(29).
-5
Let z(l) = 20*l - 54. What is z(7)?
86
Let g(q) = -20*q**2 - 139*q - 35. Determine g(-7).
-42
Let v(t) = -21*t**3 + 3*t + 4. What is v(2)?
-158
Let g(i) = -2*i**2 + 399*i + 6454. Give g(-15).
19
Let c(i) = -28*i - 3. Calculate c(2).
-59
Let b(n) = n**3 + 14*n**2 - 5*n + 152. Calculate b(-12).
500
Let x(f) = 5*f**2 - 19*f + 34. Calculate x(5).
64
Let z(y) = -4*y**2 + 103*y - 646. Give z(12).
14
Let f(s) = 2*s**2 - 142*s - 1994. Give f(83).
-2
Let p(v) = -6225*v + 31257. Determine p(5).
132
Let v(g) = g**3 - 44*g**2 + 41*g - 2. Give v(43).
-88
Let i(h) = h**3 + 24*h**2 - 118*h - 974. Calculate i(-27).
25
Let s(i) = 2751*i - 107286. Determine s(39).
3
Let c(h) = 35*h + 4346. Give c(-124).
6
Let c(d) = -113*d - 19548. Determine c(-173).
1
Let w(j) = -2*j**3 - 197*j**2 - 286*j + 460. What is w(-97)?
-25
Let b